- g - -2*2?
5
Suppose -3*i + 1 = -17*w + 13*w, 4*i = -3*w + 18. Suppose -w*z + 132 = -404. List the prime factors of z.
2, 67
Suppose 0 = 2*b + 2*p - 346, 6*p + 886 = 5*b + 4*p. What are the prime factors of b?
2, 11
Suppose 0 = -5*d - 21 - 119. Let w = d - -55. List the prime factors of w.
3
Let f be ((-2)/(-1))/(-2) - -1. Suppose 0 = -5*c - 2*t + 44 + 67, f = 4*c - 2*t - 78. Suppose -3*o + c = 3. List the prime factors of o.
2, 3
Let j = 9 + -9. Suppose -g + j*g = -73. What are the prime factors of g?
73
Let r(h) = -2*h**2 - 121*h + 38. What are the prime factors of r(-57)?
19, 23
Let l = 829 - 497. Let f = 44 - 30. List the prime factors of (-18)/(-63) + l/f.
2, 3
Let r(a) = a**3 - 16*a**2 + 19*a + 3. Let w be r(13). Suppose -35 = -5*s + 140. What are the prime factors of 10/s - w/7?
37
Let l(r) = 36*r + 16. Let m be l(-11). Let o be m/25 - (-1)/5. List the prime factors of (-3)/o + 109/5.
2, 11
Let k(x) = -x**2 - 4*x + 3. Let l be k(-4). Suppose -l*o - 2*b + 186 = 0, -4*o - 7*b + 244 = -3*b. What are the prime factors of o?
2
Suppose -t = -3*g - 8, 2*g = 2*t - 5*t + 2. Suppose 2*h = -t - 0. List the prime factors of (-2 - 39)/(1/h).
41
Suppose 2*r = 6*r + 340. Let a = -14 - r. List the prime factors of a.
71
Let p = -495 + 2588. What are the prime factors of p?
7, 13, 23
Let w(z) = 11*z**3 - 2*z + 1. Suppose -2*s - 2 = 3*f + 3*s, 3*f + 3*s = 0. Let t be w(f). Suppose 5*g - 20 - t = 0. List the prime factors of g.
2, 3
Let z = 1679 + -597. List the prime factors of (-4)/22 - z/(-22).
7
Suppose l - 4*i - 214 = -2*l, 0 = 5*l - 2*i - 352. Let n = l + 32. Suppose -5*f = -3*t - 0*t - n, -44 = -2*f - 2*t. What are the prime factors of f?
3, 7
Let n = 26 - 54. Let c = 11 - n. What are the prime factors of c?
3, 13
Let c(r) = -r + 123 + r - 4*r + 3*r. Let p be c(0). Let h = -87 + p. What are the prime factors of h?
2, 3
Suppose -2*x + 5390 = 3*f, 2*f - 1997 = 5*x - 15491. List the prime factors of x.
2, 19, 71
Let h(u) = -u**3 + 10*u**2 - u - 3. Let a be h(5). Suppose w + 519 = 4*j + 2*w, 0 = -j + 4*w + a. List the prime factors of j.
3, 43
Let k = 8 - 6. Suppose -2*v + 10 = 2*a + a, 0 = v + 3*a - 8. Let u = v + k. What are the prime factors of u?
2
Let b = 20 - -3. Let o = b + -20. Suppose 3*x - 91 = -4*n + 51, -206 = -4*x + o*n. What are the prime factors of x?
2, 5
Suppose -3*s - 5*z = -1589, 0*s + 3*z = -s + 535. What are the prime factors of s?
523
Suppose -10 = 3*k - 8*k + 3*b, -k - b + 10 = 0. Let f = 8 - k. List the prime factors of (9/f)/(12/188).
47
Suppose -2*q + 8 = 2. Let t(l) = -l**3 + 5*l - 4*l**2 - 6 + 2*l**q + 1. List the prime factors of t(4).
3, 5
Let y(v) = 2*v - 16. Let p be y(-12). Let s = p + 17. Let d = -1 - s. List the prime factors of d.
2, 11
Let m(r) = 6*r - 3*r - 60*r**2 + 14 + 12*r + 62*r**2. Let q be m(-9). Suppose -q = -y - 0*y. List the prime factors of y.
41
Let y(x) = 2*x - 4. Let i be y(3). Let c = -48 + 81. Suppose i*a = s + c, 0*a = a + 2*s - 14. What are the prime factors of a?
2
Suppose 771 + 305 = 4*g. What are the prime factors of g?
269
Let o(q) = q**3 + 18*q**2 + 17*q + 6. What are the prime factors of o(-12)?
2, 3, 37
Let w(a) = 163*a - 1. Let h be w(1). List the prime factors of (5 + -6)*h/(-3).
2, 3
List the prime factors of (-735)/(-4) - 1 - (-25)/100.
3, 61
Suppose -4*g = -3*g + 9. Let m be (3/2)/(g/(-30)). Suppose -4 = -3*f + 5*q, -q = -m*f - 3*q + 48. List the prime factors of f.
2
Let d = -1970 - -2037. What are the prime factors of d?
67
Let k(s) = 5*s - 16. Let w be k(4). Suppose w*c + 133 = 537. List the prime factors of c.
101
Let q = 1050 + 547. List the prime factors of q.
1597
Suppose 3*n + 19 = t, -5*n - 12 = t + 9. Suppose -t*c - 27 = -7*c. Suppose -3*a + c = -51. List the prime factors of a.
2, 5
Suppose 340 = 2*s + 3*b + 51, 0 = 5*s + 4*b - 740. Suppose 2*w = w + s. What are the prime factors of w?
2, 19
Suppose 2*l = -l. Suppose l = -6*p + 4*p - 76. Let x = 66 + p. List the prime factors of x.
2, 7
Let z(n) = n**3 - 7*n**2 + 5*n + 7. Let p be z(6). Let r = p - 1. Let m = 9 + r. What are the prime factors of m?
3
Let n(h) = -h**2 - 16*h + 5. Let r be n(-16). Suppose d = r*d - 5*y - 499, 131 = d + 5*y. What are the prime factors of d?
2, 3, 7
Let k be (3 - 535/(-15)) + 1/3. Suppose -k*n = -43*n + 504. List the prime factors of n.
2, 3, 7
List the prime factors of (92/(-12))/(16/(-3792)).
23, 79
Let v(g) = 58*g. Let n be 8/(-6) + 24/(-36). Let p be v(n). List the prime factors of 5*(-3 - p/20).
2, 7
Suppose -4*d + 5*h - 256 = -8*d, -2*d - 4*h + 128 = 0. Let w = 21 + d. List the prime factors of w.
5, 17
Let k(f) = 2*f**2 + 4*f + 2. Let a be k(-4). Let d be 4/a*(9 - 0). Suppose 3*x - 117 = -3*m, -d*x - 3*m + 4*m + 90 = 0. List the prime factors of x.
43
Let r(j) be the third derivative of 11*j**6/120 + j**4/4 - j**3/2 + 9*j**2. List the prime factors of r(2).
97
Let q = -32 - -50. Let a be (-1 - 8)/(q/(-24)). Let u = 2 + a. List the prime factors of u.
2, 7
Suppose -30 = 5*z - 5*u, 3*z + 1 + 23 = 5*u. List the prime factors of (314/(-3))/(0 + 2/z).
157
Let m = 20 - 12. Suppose m = -2*c + 4*c. Suppose -c*b + 54 = 3*z, -4*z - 4*b = 39 - 111. What are the prime factors of z?
2, 3
Let i = -13 + 13. Suppose 8*n - 5*n - 12 = i. Suppose -5*l + 195 = -n*p, p = 2*l - 3*l + 39. What are the prime factors of l?
3, 13
Suppose -8*w + 4*w = -64. What are the prime factors of w - 0/((-9)/(-3))?
2
Let i be 4179/84 + 3/(-4). List the prime factors of i + -1 - 4*(-2)/(-4).
2, 23
Let a(z) = -172*z + 231. List the prime factors of a(-5).
1091
Let k = 32 + 44. Suppose 0*n + 196 = 5*n + o, o = -2*n + k. List the prime factors of n.
2, 5
Let x be -5*(1 - (-28)/(-20)). Suppose -5*r + q + 412 = 0, 4*r - 3*r + x*q = 89. List the prime factors of r.
83
Suppose 0 = -26*r + 21*r + 50. Let h(q) = q**3 - 10*q**2 + 3*q - 9. List the prime factors of h(r).
3, 7
Suppose -1617 = 9*o - 23325. List the prime factors of o.
2, 3, 67
Let i(t) = 2*t**3 - 3*t**2 - t + 2. Let q be i(2). Suppose -11 = -q*l + 1. Suppose -l*r + 5 = 5*x - 8*r, 4*x - 10 = 2*r. List the prime factors of x.
2
Suppose -5*m - 3*f + 960 = 0, 5*m + 0*f = -f + 950. What are the prime factors of m?
3, 7
Let v = 10 + -6. Let o be (-3)/v + 95/20. Suppose 0 = o*b - 175 - 41. List the prime factors of b.
2, 3
Suppose -5*m = 5*j - 5820, 0 = 2*j - 3*j - 4*m + 1179. List the prime factors of j.
19, 61
Let h = 33 + -31. Let g(c) = -73*c + 1. Let b be g(-1). Suppose -2*m - 4*z + b = 0, 0*z = 5*m - h*z - 161. List the prime factors of m.
3, 11
Let o(d) = -d**3 - 5*d**2 - 7*d - 8. Let s be o(-4). Suppose -296 = -5*g + s*u, 5*g + 0*u - 288 = 2*u. What are the prime factors of g?
2, 7
Suppose y - 4*u - 10 = 0, 0*y + 5*y = u + 126. Let r(o) = o**2 - 5*o - 16. Let k be r(-5). Suppose -5*a + y + k = 0. List the prime factors of a.
2, 3
Let r(b) be the first derivative of -b**3/3 + 9*b**2/2 + 2*b + 4. Let g be r(9). Suppose -4 = -g*x, 2*q - 52 = -0*q - x. What are the prime factors of q?
5
Let o be (1207/(-85) + 9)/((-1)/5). Suppose 8*d - 16 = -3*n + 3*d, 0 = -n - 3*d + 4. List the prime factors of o/(n/((-84)/(-8))).
3, 13
Suppose -5*i + 1207 = 3*h, -3*h + 0*h + 5*i = -1217. What are the prime factors of h?
2, 101
Let o be (-2)/4 - 16/(-32). Suppose o = -4*a + 2*a + 24. What are the prime factors of a?
2, 3
Suppose 0 = 4*w + 16, -5*l - 3*w + 76 + 127 = 0. Let h = l + 100. List the prime factors of h.
11, 13
Let a(f) = f**3 + 9*f**2 - 14*f - 6. Let z be a(-9). Let h = 178 - z. What are the prime factors of h?
2, 29
Let o(c) = -2*c**3 - c + 5. Let w be o(-3). Suppose -2*i = b - 109, -2*b - w = -3*i + 2*i. What are the prime factors of i?
2, 7
Let a(h) = 1509*h**3 - h**2 - h + 2. What are the prime factors of a(1)?
3, 503
Suppose 4*i = 68*i - 414592. What are the prime factors of i?
2, 41, 79
Suppose 0 = -3*b + 668 + 211. Suppose 0*n - b = -3*s + 4*n, -5*s + 2*n = -507. What are the prime factors of s?
103
Suppose b = -p - 2, -p = 3*b - 3 + 15. Suppose -p*q + 10*q = 1099. What are the prime factors of q?
157
Let o(u) = u + 2. Let r be o(-13). Let w = r + 16. Suppose 21 - 101 = -w*q. List the prime factors of q.
2
Let b(m) = 2*m**2 + 10*m + 5*m**3 - 9*m**2 + 1 - 6*m**3 + 0*m**3. List the prime factors of b(-9).
73
Suppose 1508 = 11*r + 67. What are the prime factors of r?
131